*(3 + 6) is divided by (-23)/(-3) + 2/6.
7
Let j(c) = 338*c + 167. What is the remainder when j(4) is divided by 19?
18
Suppose n + 0 - 3 = 0. Let s(f) = -f - 4. Let q be s(-8). Let m = n + q. Calculate the remainder when 26 is divided by m.
5
Let j be 0 + (0 + 162 - -3). Suppose -11*g + j = 11. What is the remainder when 1/(-2)*216/(-2) is divided by g?
12
Let i = -220 - -289. What is the remainder when i is divided by 20?
9
Let o(j) = j**3 + 8*j**2 + j + 10. Let v be o(-8). Let i(y) = 9 - 21 - 21*y + 4*y + 3*y**2 - 4*y**v. What is the remainder when i(-11) is divided by 14?
12
Suppose 69*f - 52*f = 102. Suppose 2*z - 38 = 2*v, 0*v - 2*v = 4*z - 58. What is the remainder when z is divided by f?
4
Calculate the remainder when (24/10 - 2)*(-670)/(-4) is divided by (55/20 + -3)*(-56)/2.
4
Let i be (-4 + -2 + 82)*1. Suppose 0 = -2*a + 2*j + i, 2*a - 20 = 5*j + 50. Suppose -7*r - a = -9*r. Calculate the remainder when r is divided by 12.
8
Let f = 47 - 34. Suppose 0 = 5*u + 10, -63*b - 32 = -64*b + 5*u. Calculate the remainder when b is divided by f.
9
Let k(r) = -r**2 + 17*r - 2. What is the remainder when 1437 is divided by k(14)?
37
Suppose 0 = 8*s - 0*s + 160. Let p = s - -34. What is the remainder when p/28 + (-54)/(-4) is divided by 5?
4
Suppose -3*n = 17*n - 920. Calculate the remainder when 134 is divided by n.
42
Let p be 4 + 0*5/15. Suppose -44 = -2*a - p*o, -5*a + 66 + 44 = 4*o. Calculate the remainder when 103 is divided by a.
15
Let b(z) = -z**3 + 13*z**2 - 9*z + 12. Let n(h) = h**2 - 4*h - 11. Calculate the remainder when b(12) is divided by n(-3).
8
Let g(p) = p**2 + p - 34. Let i be g(0). Let w = i - -51. What is the remainder when w is divided by 5?
2
Let z be 27 + 0*(1 + -2). Let t = -15 + z. Suppose -y - 5*r = -22, 2*y + 0*y - 114 = 4*r. Calculate the remainder when y is divided by t.
11
Let m = -50 + 236. What is the remainder when 23 is divided by (-12)/(-30) - m/(-10)?
4
Suppose 0 = 13*p + 96 - 161. What is the remainder when 90 is divided by p?
0
Let q be ((-20)/6 + 4 - 4)*-6. Let z = q + -4. What is the remainder when 44 is divided by z?
12
Suppose m - 5*w = 61, -5*m + 116 + 81 = 2*w. What is the remainder when 121 is divided by m?
39
Suppose -5*z + 832 = -2*m, 0 = -2*z + 4*m - m + 335. Calculate the remainder when z is divided by 50.
16
Let z(x) = 3*x**2 + 2*x + 23. Suppose 6*y + 6 = 7*y. What is the remainder when z(y) is divided by 18?
17
Let z be 270/12*(-8)/(-3). Let p(v) = -30*v + 1. Let c be p(-2). Let m = z + c. Calculate the remainder when m is divided by 31.
28
Suppose 5*m - 3*j = 893, -292 - 66 = -2*m + 2*j. Calculate the remainder when m is divided by 9.
7
Let c = 63 - 23. Suppose -3*k = 3*k - 24. Suppose -j + 16 = 3*w + 2*w, 80 = k*j + 4*w. Calculate the remainder when c is divided by j.
19
Suppose -2*r = -2*f - 12, 0 = r + f + 2*f + 10. Let i be 893/(-57) + r/3. Calculate the remainder when (35/i)/(2/(-6)) is divided by 5.
2
Let w(u) = u**3 - 8*u**2 + 14*u + 11. Calculate the remainder when w(10) is divided by 88.
87
Suppose -3*i + 24 = 3. Let w(n) = -n**2 + 10*n - 19. Let y be w(8). What is the remainder when 2 - (y + -2) - -4 is divided by i?
4
Let u be 1/2*-6 - -3. Suppose 5*p - 6 = 2*c, 2*p = c + p. Suppose -4*i - c + 26 = u. What is the remainder when 22 is divided by i?
4
Let w(o) = 3*o**3 - 5*o**2 - 4*o - 9. Suppose -r + 89 = -0*r. What is the remainder when r is divided by w(3)?
14
Suppose 0 = -0*u + 3*u. Suppose 3*o = -u*o + 9. Suppose -13 - 7 = -s - 5*m, -3 = o*m. What is the remainder when s is divided by 14?
11
Calculate the remainder when 334 is divided by (6 - 10) + (114 - -2).
110
What is the remainder when (560/(-98))/((-4)/70) is divided by 34?
32
Let x be 1*(-86)/1 + 4. Let i = x + 118. Calculate the remainder when i is divided by 5/(1/(-4)*-1).
16
Suppose 10*n + 18 = 4*n. What is the remainder when (2 + 0 - -44) + -2 is divided by 3 + 74/6 - (-1)/n?
14
Let j = -81 - -118. Let q = 55 - j. Calculate the remainder when q is divided by 5.
3
What is the remainder when 44 is divided by (10/(-2) + 31)*2/2?
18
Suppose -4*m + 5*q + 109 = 0, 5*m - 104 = m + 4*q. What is the remainder when m is divided by (-7 + (-17)/(-2))*16/3?
5
Suppose 0 = 3*x + 4*r - 158, 8*r = 3*r + 25. Suppose 0 = -3*w + x + 59. What is the remainder when w is divided by 19?
16
Let b(j) = -780*j - 173. Calculate the remainder when b(-3) is divided by 155.
152
Suppose 2*w = 5*y - 118, 0 = -3*w - 6 - 6. What is the remainder when 161 is divided by y?
7
Let w(u) = 3*u. Let d(m) = -m**3 + 8*m**2 - 7*m + 1. Let q be d(7). Let h be w(q). Calculate the remainder when 1*3/h + 43 is divided by 15.
14
Let k(c) = 2*c**2 + 11*c + 15. Let d(h) = 35*h + 3. Calculate the remainder when d(5) is divided by k(-7).
34
Let h = -920 + 933. Let n(s) = -s**2 + 6*s - 4. What is the remainder when h is divided by n(4)?
1
Suppose 0 = x + 8 - 9. Suppose -y + x = -17. What is the remainder when y is divided by 24/(-16)*28/(-6)?
4
Calculate the remainder when 1242/45*(-350)/(-15) is divided by 19.
17
Suppose 9*l = 11*l - 32. What is the remainder when 77 is divided by l?
13
Let o(x) = 8*x**3 + x**2 + 5*x. Let d be o(4). Suppose d = 17*n - 13*n. What is the remainder when n is divided by 20?
17
Suppose -39 = -2*a + 129. Suppose 0 = 34*r - 9*r - 325. What is the remainder when a is divided by r?
6
Let o(w) = -w**3 + 45*w**2 + 63*w + 4. Calculate the remainder when o(46) is divided by 99.
93
Suppose -23 - 67 = -5*u. What is the remainder when u*(5 - 2)/6 is divided by 4/(-6) + (-34)/(-6)?
4
Let i(f) = 9*f**2 + f + 3. Suppose -4*v - 5*w + 6*w - 16 = 0, 5*v + w + 11 = 0. Calculate the remainder when i(v) is divided by 17.
13
Suppose -2*q - y + 0*y = -45, -4*q = 5*y - 99. Suppose 6 = -5*d + q. What is the remainder when 23 is divided by d?
2
Calculate the remainder when 683 is divided by (133*8/28)/(3 + -2).
37
Suppose -11*u - 18 = -14*u. Calculate the remainder when u is divided by 4.
2
Suppose 1056 = 64*r - 53*r. Calculate the remainder when 2399 is divided by r.
95
Let h = 13 + 5. Suppose -h*m = -17*m - 1. Calculate the remainder when 2 is divided by m.
0
Suppose 3*w - 6 = h - 14, -5*w + 2*h = 13. Let q be 9/w + 3 - -28. Suppose -q = -4*d + 20. Calculate the remainder when d is divided by 7.
5
Suppose 54*p - 56*p + 160 = 0. Let m = p + -75. What is the remainder when 14 is divided by m?
4
Suppose 3*b = 5*b - 10, 3*u - 382 = -5*b. What is the remainder when u is divided by 10?
9
Let a be 5/(-1)*(-49)/35. Suppose a*l = 2*l + 535. Calculate the remainder when l is divided by 8/6*(-4 - -31).
35
Let v be -1*6/(-12)*0/(-1). Suppose v = 2*a - 5*a + 120. What is the remainder when a is divided by 21?
19
Let l(o) = -o**2 + o**3 - 5*o + 13*o - 3 - 4*o. Calculate the remainder when 17 is divided by l(2).
8
Let m(p) = 11*p**2 + 8*p + 1. Calculate the remainder when 43 is divided by m(-2).
14
Let k(l) = 2*l**2 + 2*l + 2. Suppose -3*q + 117 = -b + 4*b, 80 = 2*b + 3*q. Suppose 84 = b*r - 33*r. What is the remainder when k(-6) is divided by r?
20
Let x(n) = n**2 + 5*n + 15. Let f be x(-5). Calculate the remainder when (f + 1)*(-2)/(-4) is divided by 3.
2
Let z = -995 + 1080. What is the remainder when z is divided by 19?
9
Let l be ((-130)/25)/((-2)/20). Calculate the remainder when 76 is divided by -4*(-4)/(32/l).
24
Let i(o) be the second derivative of o**4/2 + o**3/6 + o**2/2 + 2*o. Let r(y) = y**2 - 56*y - 166. Calculate the remainder when i(-3) is divided by r(-3).
8
Suppose 13*l - 35 = 56. Calculate the remainder when 47 is divided by l.
5
Let d(r) = -2*r + 31. What is the remainder when 35 is divided by d(9)?
9
Let o = -55 + 19. Calculate the remainder when (-1736)/o - (75/(-27) - -3) is divided by 13.
9
Let i(d) = d**2 - 2*d - 31. Let a be i(-5). Suppose -45 = -a*w + 31. What is the remainder when 92 is divided by w?
16
Let q be (-35)/(-10)*20/14. Suppose 60 + 25 = q*k. What is the remainder when 133 is divided by k?
14
What is the remainder when (-14400)/(-64)*(-4)/(-10) is divided by 81?
9
Suppose 420 = 5*j + 5*u - 9*u, 0 = -5*j + 2*u + 410. Calculate the remainder when 156 is divided by j.
76
Suppose 4*o + 45 = 3*w, -4*o + 60 = 4*w - 2*o. Suppose w = 5*z, 5*z + 69 = 2*y + y. What is the remainder when y is divided by 5?
3
Suppose -h + 702 = 25*h. Calculate the 